{"id":1503,"date":"2019-07-02T17:27:32","date_gmt":"2019-07-02T15:27:32","guid":{"rendered":"https:\/\/kidsdance-kiel.de\/?page_id=1503"},"modified":"2019-07-02T17:40:40","modified_gmt":"2019-07-02T15:40:40","slug":"kieler-woche-2019","status":"publish","type":"page","link":"https:\/\/kidsdance-kiel.de\/?page_id=1503","title":{"rendered":"Kieler Woche 2019"},"content":{"rendered":"\n<p>Wir waren zur Kieler Woche auf der Jungen B\u00fchne dabei. Dieses Jahr hatten wir warme Temperaturen und strahlenden Sonnenschein. Wir hatten viel Spa\u00df und bedanken uns bei der Jungen B\u00fchne herzlich. Bis n\u00e4chstes Jahr.<\/p>\n\n\n\n<p>F\u00fcr die Fotos bedanken wir uns bei Peter Fichtner <\/p>\n\n\n\nngg_shortcode_0_placeholder\n","protected":false},"excerpt":{"rendered":"<p>Wir waren zur Kieler Woche auf der Jungen B\u00fchne dabei. Dieses Jahr hatten wir warme Temperaturen und strahlenden Sonnenschein. Wir hatten viel Spa\u00df und bedanken uns bei der Jungen B\u00fchne herzlich. Bis n\u00e4chstes Jahr.&#46;&#46;&#46;<\/p>\n","protected":false},"author":3,"featured_media":0,"parent":0,"menu_order":0,"comment_status":"closed","ping_status":"closed","template":"","meta":{"ngg_post_thumbnail":0,"footnotes":""},"_links":{"self":[{"href":"https:\/\/kidsdance-kiel.de\/index.php?rest_route=\/wp\/v2\/pages\/1503"}],"collection":[{"href":"https:\/\/kidsdance-kiel.de\/index.php?rest_route=\/wp\/v2\/pages"}],"about":[{"href":"https:\/\/kidsdance-kiel.de\/index.php?rest_route=\/wp\/v2\/types\/page"}],"author":[{"embeddable":true,"href":"https:\/\/kidsdance-kiel.de\/index.php?rest_route=\/wp\/v2\/users\/3"}],"replies":[{"embeddable":true,"href":"https:\/\/kidsdance-kiel.de\/index.php?rest_route=%2Fwp%2Fv2%2Fcomments&post=1503"}],"version-history":[{"count":8,"href":"https:\/\/kidsdance-kiel.de\/index.php?rest_route=\/wp\/v2\/pages\/1503\/revisions"}],"predecessor-version":[{"id":1531,"href":"https:\/\/kidsdance-kiel.de\/index.php?rest_route=\/wp\/v2\/pages\/1503\/revisions\/1531"}],"wp:attachment":[{"href":"https:\/\/kidsdance-kiel.de\/index.php?rest_route=%2Fwp%2Fv2%2Fmedia&parent=1503"}],"curies":[{"name":"wp","href":"https:\/\/api.w.org\/{rel}","templated":true}]}}

<p>Wir waren zur Kieler Woche auf der Jungen Bühne dabei. Dieses Jahr hatten wir warme Temperaturen und strahlenden Sonnenschein. Wir hatten viel Spaß und bedanken uns bei der Jungen Bühne herzlich. Bis nächstes Jahr.</p>



<p>Für die Fotos bedanken wir uns bei Peter Fichtner </p>



ngg_shortcode_0_placeholder

<p>Wir waren zur Kieler Woche auf der Jungen Bühne dabei. Dieses Jahr hatten wir warme Temperaturen und strahlenden Sonnenschein. Wir hatten viel Spaß und bedanken uns bei der Jungen Bühne herzlich. Bis nächstes Jahr.&#46;&#46;&#46;</p>
