{"id":1565,"date":"2019-08-13T12:56:15","date_gmt":"2019-08-13T10:56:15","guid":{"rendered":"https:\/\/kidsdance-kiel.de\/?page_id=1565"},"modified":"2019-08-13T12:58:52","modified_gmt":"2019-08-13T10:58:52","slug":"tag-des-sports-2018","status":"publish","type":"page","link":"https:\/\/kidsdance-kiel.de\/?page_id=1565","title":{"rendered":"Tag des Sports 2018"},"content":{"rendered":"\n<p>Wir waren beim Tag des Sports auf der gro\u00dfen B\u00fchne vom Haus des Sports mit dabei.<\/p>\n\n\n\n<p>F\u00fcr die Fotos bedanken wir uns bei Peter Fichtner<\/p>\n\n\n\nngg_shortcode_0_placeholder\n","protected":false},"excerpt":{"rendered":"<p>Wir waren beim Tag des Sports auf der gro\u00dfen B\u00fchne vom Haus des Sports mit dabei. F\u00fcr die Fotos bedanken wir uns bei Peter Fichtner<\/p>\n","protected":false},"author":3,"featured_media":0,"parent":0,"menu_order":0,"comment_status":"closed","ping_status":"closed","template":"","meta":{"ngg_post_thumbnail":0,"footnotes":""},"_links":{"self":[{"href":"https:\/\/kidsdance-kiel.de\/index.php?rest_route=\/wp\/v2\/pages\/1565"}],"collection":[{"href":"https:\/\/kidsdance-kiel.de\/index.php?rest_route=\/wp\/v2\/pages"}],"about":[{"href":"https:\/\/kidsdance-kiel.de\/index.php?rest_route=\/wp\/v2\/types\/page"}],"author":[{"embeddable":true,"href":"https:\/\/kidsdance-kiel.de\/index.php?rest_route=\/wp\/v2\/users\/3"}],"replies":[{"embeddable":true,"href":"https:\/\/kidsdance-kiel.de\/index.php?rest_route=%2Fwp%2Fv2%2Fcomments&post=1565"}],"version-history":[{"count":5,"href":"https:\/\/kidsdance-kiel.de\/index.php?rest_route=\/wp\/v2\/pages\/1565\/revisions"}],"predecessor-version":[{"id":1571,"href":"https:\/\/kidsdance-kiel.de\/index.php?rest_route=\/wp\/v2\/pages\/1565\/revisions\/1571"}],"wp:attachment":[{"href":"https:\/\/kidsdance-kiel.de\/index.php?rest_route=%2Fwp%2Fv2%2Fmedia&parent=1565"}],"curies":[{"name":"wp","href":"https:\/\/api.w.org\/{rel}","templated":true}]}}

<p>Wir waren beim Tag des Sports auf der großen Bühne vom Haus des Sports mit dabei.</p>



<p>Für die Fotos bedanken wir uns bei Peter Fichtner</p>



ngg_shortcode_0_placeholder

<p>Wir waren beim Tag des Sports auf der großen Bühne vom Haus des Sports mit dabei. Für die Fotos bedanken wir uns bei Peter Fichtner</p>
