{"id":1827,"date":"2019-10-06T10:53:22","date_gmt":"2019-10-06T08:53:22","guid":{"rendered":"https:\/\/kidsdance-kiel.de\/?page_id=1827"},"modified":"2019-10-06T10:55:38","modified_gmt":"2019-10-06T08:55:38","slug":"stadtteilfest-mettenhof","status":"publish","type":"page","link":"https:\/\/kidsdance-kiel.de\/?page_id=1827","title":{"rendered":"Stadtteilfest Mettenhof 2019"},"content":{"rendered":"\n<p>Bei sch\u00f6nstem Wetter durften wir beim Stadtteilfest in Mettenhof uns pr\u00e4sentieren.<\/p>\n\n\n\n<p>F\u00fcr die Fotos danken wir  Benedikt Langmaack .<\/p>\n\n\n\nngg_shortcode_0_placeholder\n","protected":false},"excerpt":{"rendered":"<p>Bei sch\u00f6nstem Wetter durften wir beim Stadtteilfest in Mettenhof uns pr\u00e4sentieren. F\u00fcr die Fotos danken wir Benedikt Langmaack .<\/p>\n","protected":false},"author":3,"featured_media":0,"parent":0,"menu_order":0,"comment_status":"closed","ping_status":"closed","template":"","meta":{"ngg_post_thumbnail":0,"footnotes":""},"_links":{"self":[{"href":"https:\/\/kidsdance-kiel.de\/index.php?rest_route=\/wp\/v2\/pages\/1827"}],"collection":[{"href":"https:\/\/kidsdance-kiel.de\/index.php?rest_route=\/wp\/v2\/pages"}],"about":[{"href":"https:\/\/kidsdance-kiel.de\/index.php?rest_route=\/wp\/v2\/types\/page"}],"author":[{"embeddable":true,"href":"https:\/\/kidsdance-kiel.de\/index.php?rest_route=\/wp\/v2\/users\/3"}],"replies":[{"embeddable":true,"href":"https:\/\/kidsdance-kiel.de\/index.php?rest_route=%2Fwp%2Fv2%2Fcomments&post=1827"}],"version-history":[{"count":4,"href":"https:\/\/kidsdance-kiel.de\/index.php?rest_route=\/wp\/v2\/pages\/1827\/revisions"}],"predecessor-version":[{"id":1832,"href":"https:\/\/kidsdance-kiel.de\/index.php?rest_route=\/wp\/v2\/pages\/1827\/revisions\/1832"}],"wp:attachment":[{"href":"https:\/\/kidsdance-kiel.de\/index.php?rest_route=%2Fwp%2Fv2%2Fmedia&parent=1827"}],"curies":[{"name":"wp","href":"https:\/\/api.w.org\/{rel}","templated":true}]}}

<p>Bei schönstem Wetter durften wir beim Stadtteilfest in Mettenhof uns präsentieren.</p>



<p>Für die Fotos danken wir  Benedikt Langmaack .</p>



ngg_shortcode_0_placeholder

<p>Bei schönstem Wetter durften wir beim Stadtteilfest in Mettenhof uns präsentieren. Für die Fotos danken wir Benedikt Langmaack .</p>
