{"id":795,"date":"2019-01-30T22:21:40","date_gmt":"2019-01-30T20:21:40","guid":{"rendered":"http:\/\/www.kidsdance-kiel.de\/?page_id=795"},"modified":"2019-04-01T12:14:05","modified_gmt":"2019-04-01T10:14:05","slug":"kieler-woche-2018","status":"publish","type":"page","link":"https:\/\/kidsdance-kiel.de\/?page_id=795","title":{"rendered":"Kieler Woche 2018"},"content":{"rendered":"<p>Zur Kieler Woche waren wir auf der Jungen B\u00fchne und haben dort unser K\u00f6nnen gezeigt. Wir freuen uns auf 2019<\/p>\n<p>F\u00fcr die Fotos bedanken wir uns bei Peter Fichtner<\/p>\nngg_shortcode_0_placeholder\n","protected":false},"excerpt":{"rendered":"<p>Zur Kieler Woche waren wir auf der Jungen B\u00fchne und haben dort unser K\u00f6nnen gezeigt. Wir freuen uns auf 2019 F\u00fcr die Fotos bedanken wir uns bei Peter Fichtner<\/p>\n","protected":false},"author":3,"featured_media":0,"parent":0,"menu_order":0,"comment_status":"closed","ping_status":"closed","template":"","meta":{"ngg_post_thumbnail":0,"footnotes":""},"_links":{"self":[{"href":"https:\/\/kidsdance-kiel.de\/index.php?rest_route=\/wp\/v2\/pages\/795"}],"collection":[{"href":"https:\/\/kidsdance-kiel.de\/index.php?rest_route=\/wp\/v2\/pages"}],"about":[{"href":"https:\/\/kidsdance-kiel.de\/index.php?rest_route=\/wp\/v2\/types\/page"}],"author":[{"embeddable":true,"href":"https:\/\/kidsdance-kiel.de\/index.php?rest_route=\/wp\/v2\/users\/3"}],"replies":[{"embeddable":true,"href":"https:\/\/kidsdance-kiel.de\/index.php?rest_route=%2Fwp%2Fv2%2Fcomments&post=795"}],"version-history":[{"count":5,"href":"https:\/\/kidsdance-kiel.de\/index.php?rest_route=\/wp\/v2\/pages\/795\/revisions"}],"predecessor-version":[{"id":1269,"href":"https:\/\/kidsdance-kiel.de\/index.php?rest_route=\/wp\/v2\/pages\/795\/revisions\/1269"}],"wp:attachment":[{"href":"https:\/\/kidsdance-kiel.de\/index.php?rest_route=%2Fwp%2Fv2%2Fmedia&parent=795"}],"curies":[{"name":"wp","href":"https:\/\/api.w.org\/{rel}","templated":true}]}}